{"id":4,"date":"2014-02-08T17:03:06","date_gmt":"2014-02-08T16:03:06","guid":{"rendered":"http:\/\/hang-in.de\/wordpress\/?page_id=4"},"modified":"2022-06-03T12:53:36","modified_gmt":"2022-06-03T10:53:36","slug":"home","status":"publish","type":"page","link":"https:\/\/hang-in.de\/hang-in\/","title":{"rendered":"Home"},"content":{"rendered":"<p style=\"text-align: center;\"><strong>Herzlich Willkommen!<\/strong><\/p>\n<p><a href=\"https:\/\/hang-in.de\/wordpress\/wp-content\/uploads\/2014\/02\/P1110271_klein.jpg\"><img loading=\"lazy\" decoding=\"async\" class=\"aligncenter wp-image-95 size-full\" src=\"https:\/\/hang-in.de\/wordpress\/wp-content\/uploads\/2014\/02\/P1110271_klein.jpg\" alt=\"BoulderBow Outdoor\" width=\"1196\" height=\"450\" \/><\/a><\/p>\n<p style=\"text-align: center;\">Auf den n\u00e4chsten Seiten erf\u00e4hrst du alles Wissenswerte rund um den BoulderBow.<\/p>\n<p style=\"text-align: center;\"><strong>Die Firma hang-in ist derzeit nicht aktiv.<\/strong> Informationen zu vergangenen\u00a0Veranstaltungen und Aktionen findest du auf der ehemaligen Facebook-Seite unter <a href=\"https:\/\/de-de.facebook.com\/boulderbow\">https:\/\/de-de.facebook.com\/boulderbow<\/a>.<\/p>\n<p style=\"text-align: center;\">Als Privatperson bin ich aber immer noch begeistert am Bouldern und freue mich \u00fcber jede Kontaktaufnahme zum Austausch \u00fcber das gemeinsame Hobby.<\/p>\n<p style=\"text-align: center;\">Viel Spa\u00df beim Erkunden meiner Idee: Bouldertrainng f\u00fcr jeden \u00fcberall. Mobil, einfach, effektiv!<\/p>\n","protected":false},"excerpt":{"rendered":"<p>Herzlich Willkommen! Auf den n\u00e4chsten Seiten erf\u00e4hrst du alles Wissenswerte rund um den BoulderBow. Die Firma hang-in ist derzeit nicht aktiv. Informationen zu vergangenen\u00a0Veranstaltungen und Aktionen findest du auf der ehemaligen Facebook-Seite unter https:\/\/de-de.facebook.com\/boulderbow. Als Privatperson bin ich aber immer noch begeistert am Bouldern und freue mich \u00fcber jede Kontaktaufnahme zum Austausch \u00fcber das gemeinsame [&hellip;]<\/p>\n","protected":false},"author":1,"featured_media":0,"parent":0,"menu_order":1,"comment_status":"closed","ping_status":"open","template":"","meta":{"pgc_sgb_lightbox_settings":"","footnotes":""},"class_list":["post-4","page","type-page","status-publish","hentry"],"_links":{"self":[{"href":"https:\/\/hang-in.de\/hang-in\/wp-json\/wp\/v2\/pages\/4","targetHints":{"allow":["GET"]}}],"collection":[{"href":"https:\/\/hang-in.de\/hang-in\/wp-json\/wp\/v2\/pages"}],"about":[{"href":"https:\/\/hang-in.de\/hang-in\/wp-json\/wp\/v2\/types\/page"}],"author":[{"embeddable":true,"href":"https:\/\/hang-in.de\/hang-in\/wp-json\/wp\/v2\/users\/1"}],"replies":[{"embeddable":true,"href":"https:\/\/hang-in.de\/hang-in\/wp-json\/wp\/v2\/comments?post=4"}],"version-history":[{"count":27,"href":"https:\/\/hang-in.de\/hang-in\/wp-json\/wp\/v2\/pages\/4\/revisions"}],"predecessor-version":[{"id":356,"href":"https:\/\/hang-in.de\/hang-in\/wp-json\/wp\/v2\/pages\/4\/revisions\/356"}],"wp:attachment":[{"href":"https:\/\/hang-in.de\/hang-in\/wp-json\/wp\/v2\/media?parent=4"}],"curies":[{"name":"wp","href":"https:\/\/api.w.org\/{rel}","templated":true}]}}